 30 = 0, -3*j - 2 = 1. Let a(v) = -v**2 + 9*v. Let q be a(c). Calculate the highest common factor of q and g.
4
Suppose -5*o = -2*u + 13, o - 3*u - 1 = u. Let l be (1*o)/(24/(-88)). Let p(a) = -4*a - 45. Let j be p(-14). Calculate the greatest common divisor of j and l.
11
Let j(i) = i**3 - 3*i**2 - 8*i - 5. Let d be j(5). Suppose -2*l + d*l = 42. Let r = 19 - l. What is the greatest common divisor of 1 and r?
1
Let o be 15/(9*3/180). Calculate the highest common factor of 250 and o.
50
Let f(w) = 2*w**2 + 15*w - 6. Let u be f(-8). Suppose -88 = -4*b + 5*x, -u*b + 32 = x - 12. What is the highest common divisor of 22 and b?
22
Let y = -4 - -34. Suppose 29*d - y*d = -62. What is the greatest common divisor of 31 and d?
31
Suppose -53*n + 35*n + 486 = 0. Suppose x + 214 = 2*x - f, -3*x + 5*f = -638. Calculate the greatest common factor of n and x.
27
Let m(v) = v**3 + 5*v**2 + 2*v - 4. Let u be m(-4). Suppose l = u*l - 153. Let i be 0 + (-4)/(-4) + l. Calculate the greatest common divisor of i and 13.
13
Suppose -2*v = 35 + 95. Let w = 115 + v. Calculate the highest common divisor of 10 and w.
10
Suppose -2*o + 396 = -40*b + 44*b, 3*o - 2*b = 570. Calculate the highest common factor of o and 12.
12
Suppose 0 = -w + 5*v - 12, -2*w + 6 + 2 = -2*v. Suppose w*u + 14 = 94. Calculate the highest common divisor of 4 and u.
2
Let r be (954/371)/(6/63). Calculate the greatest common divisor of r and 36.
9
Let p be (27/18)/(2/4). Let t be -14*(-1)/(-2)*p*-3. What is the greatest common divisor of 21 and t?
21
Let a be -9*((-12)/(-9) + -1). Let m be (-3 + (-69)/a)*4. What is the greatest common factor of 4 and m?
4
Let a be 12 - (-11 + 18) - -3262. What is the highest common factor of 27 and a?
27
Let y(a) = -2*a**3 + 2*a**2 + 2*a + 1. Let i be y(-2). Suppose -97 + 502 = -32*n + 1525. Calculate the greatest common factor of n and i.
7
Suppose 28 = 2*x + 2*v, -x + v + 8 = -v. Calculate the greatest common divisor of x and 450.
6
Let j(l) = -4*l**2 - l + 2. Let x be j(3). Let r = x - -39. Let m = 7 + -4. What is the greatest common factor of m and r?
1
Suppose -5*f = -3*h - 278, -2*f + 6*f + h - 219 = 0. Let v = f - 15. Suppose v = 2*k - 4*o, k + 7 = o + 27. Calculate the greatest common divisor of k and 5.
5
Suppose -8*x = -5*x. Suppose x = z - 31 + 7. Calculate the greatest common divisor of z and 192.
24
Let u be (2/(-4))/((-12)/96). Let d be (160/u + -4)*1. Calculate the greatest common divisor of 6 and d.
6
Suppose 100*c + 72 = 104*c. Calculate the highest common factor of c and 405.
9
Let m = 95 - 77. Let f(y) = y**2 + 3*y + 2. Let x be f(-3). Suppose x*h = 0, -4*a - h + 48 = 2*h. What is the greatest common factor of a and m?
6
Let j = -2 - -26. Suppose 83*u - 6 = 82*u. What is the highest common factor of u and j?
6
Let y(u) = u**2 + u - 1. Let d(g) = g**3 - 24*g**2 - 24*g + 17. Let i(p) = d(p) + 6*y(p). Let m be i(19). What is the highest common factor of m and 15?
15
Let l be 6/27 - (-340)/9. Suppose 0 = 4*v - 5*f - l, v = -4*v + 5*f + 50. Let m = 1 - -2. What is the greatest common divisor of v and m?
3
Suppose 4 = -4*p, 3*i + 6*p = 8*p + 248. Suppose 15*f - 128 - i = 0. Calculate the highest common factor of f and 35.
7
Let h = -220 + 519. Let t be 4830/h - -2*(-2)/26. What is the highest common divisor of t and 144?
16
Suppose 6*p + 4*k = 2*p - 4, k = 5*p - 13. Calculate the greatest common factor of p and 32.
2
Let o(a) = a**3 + 23*a**2 + 39*a - 38. Let b be o(-21). Suppose -3*h + 106 - b = 0. Calculate the highest common factor of 27 and h.
27
Suppose 4*x = 3*f - 48, 4*f + x - 10 = 35. Suppose f*i - 15*i = -15. What is the greatest common factor of 65 and i?
5
Suppose 184 = 4*b - 4*r, -4*b - r = r - 214. What is the greatest common divisor of 51 and b?
51
Suppose 0 = -26*y - 261*y + 49*y + 18326. Let t be (22/(-3))/((-1)/3). What is the greatest common divisor of y and t?
11
Let s(t) = 12*t**2 - 28*t**2 + 6*t - 32 + 17*t**2. Let a be s(-14). What is the greatest common factor of 20 and a?
20
Suppose -32*k + 720 = 16*k. What is the greatest common divisor of k and 1875?
15
Let s be (-14)/105 + (-40391)/(-195). What is the greatest common divisor of s and 161?
23
Let a be (924/(-35))/((-2)/15). Suppose i = -4*i - 5, q + 3*i - 3 = 0. Let y(t) = 5*t - 8. Let b be y(q). Calculate the highest common factor of a and b.
22
Suppose 12*w - 4*w = 1360. What is the highest common factor of 34 and w?
34
Let i(s) = -s**2 - 56*s - 681. Let n be i(-26). Suppose -x - c = -8 + 1, x + 3*c = 3. What is the greatest common divisor of x and n?
9
Let t = 315 - 30. Suppose t = 3*x - 177. Calculate the greatest common factor of x and 14.
14
Let c(a) = a**3 + 22*a**2 + 11*a + 42. Let v be c(-21). What is the greatest common factor of 28 and v?
28
Suppose -3*p = -2*o - 152, 3*o = -2*p - 0*o + 97. What is the highest common divisor of 190 and p?
10
Let b(n) = 12*n. Let p be b(-1). Let u be (-67)/((3/p)/1). Suppose 5*s + i = 252, -5*i = -4*s + u - 78. Calculate the highest common factor of 25 and s.
25
Let f(n) = -n + 16*n - 3*n**2 + 5*n**2 - n**2 + 17. Let b be f(-14). What is the highest common divisor of b and 6?
3
Suppose -108*f = -99*f - 18. Calculate the highest common divisor of f and 6.
2
Let o(u) = -u**3 + u. Let q be o(1). Suppose 3*z = 5*j - 48, 0 = -q*j + 3*j - 5*z - 16. Calculate the highest common factor of 3 and j.
3
Let s be ((-29)/(-2) - 3/6)*-5. Let r = 124 + s. What is the highest common factor of 27 and r?
27
Suppose 2*g = -4*i - 0*i + 12, 5*g = 5*i + 15. Suppose v + g = 2*v. Suppose -25 = -5*h, 0 = v*z - 3*h - h - 4. Calculate the highest common divisor of 2 and z.
2
Suppose 34*b = 13*b + 168. Calculate the highest common factor of 64 and b.
8
Let b be (203/(-28) - -7)/((-1)/308). What is the greatest common factor of 22 and b?
11
Let d(r) = 0*r**2 + 5*r**2 - 2*r**3 - 3*r**2 - r. Let h be d(1). Let w = h - -29. What is the highest common factor of w and 7?
7
Let p be 0 + 0 + -2 + 15. Let k = p - -12. Suppose -3*n - n - 5*u = -35, 3*u = -3*n + 27. Calculate the highest common divisor of n and k.
5
Suppose -z - 41 = -2*p, -3*p + 105 = 2*p - 2*z. Calculate the greatest common factor of 368 and p.
23
Let r = 95 + 17. Let l(v) = -29*v - 1. Let j be l(-1). What is the highest common divisor of r and j?
28
Let a = 207 - 156. Let r be (207/27 - 7)*a/2. Calculate the greatest common factor of 153 and r.
17
Let t(k) = -26*k - 2. Let f be t(-1). Let s be -5*1*(-6)/10. Suppose -3*y + 2*y - s*j + 6 = 0, -4*y - j = -f. Calculate the greatest common factor of y and 18.
6
Let w be (-6)/12*4 + 32. What is the greatest common factor of w and 45?
15
Suppose 2*b + 3*m - 99 = 0, -3*b + 9*m + 123 = 5*m. What is the greatest common divisor of 165 and b?
15
Let s(i) = -2*i - 2. Let q be s(-4). Let p = 754 + -745. What is the greatest common factor of q and p?
3
Let x = -41 + 58. Suppose -n - x = -0*n + 4*p, p = -2*n + 1. What is the greatest common factor of n and 15?
3
Suppose 4*g = -g + 250. Let l(y) = 2*y - 10. Let p = -56 + 66. Let x be l(p). What is the greatest common divisor of x and g?
10
Suppose 0 = -5*s - 3*l - 261 + 1161, -180 = -s + 3*l. Let w be 119/(-34)*(-2 + 26/(-7)). Calculate the highest common factor of w and s.
20
Let g be (-48)/(-10) + (-15 - 923/(-65)). Let a(q) = -q**2 + 10*q - 1. Suppose 0 = -2*i - 3 + 13. Let s be a(i). Calculate the highest common factor of g and s.
4
Suppose -3*k = 4*t - 57, -k + 63 = -10*t + 15*t. What is the highest common divisor of t and 312?
12
Let k = 28 - -28. What is the highest common factor of k and 35?
7
Let j(f) be the third derivative of -f**4/24 + 13*f**3/6 + 6*f**2. Let s be j(12). Let x be 2 + 93/s + 1. What is the highest common factor of 12 and x?
12
Let q be (32/24)/(32/(-36) - -1). What is the highest common divisor of q and 78?
6
Let n = 41 + -26. Let y be (54/10)/(n/50). What is the highest common divisor of 198 and y?
18
Let t(a) = 64*a - 1. Let p be t(1). Suppose 30*k + 10*x - 100 = 25*k, 3*x - 93 = -5*k. What is the highest common divisor of k and p?
9
Let p = -421 + 907. What is the highest common factor of 36 and p?
18
Let b = -181 - -276. What is the greatest common divisor of b and 38?
19
Suppose -5*p + 7 + 3 = 0. Suppose 165 = 5*f - 4*z, -3*f - p*z + 99 = -3*z. Calculate the highest common divisor